{"id":50,"date":"2019-06-18T14:11:19","date_gmt":"2019-06-18T14:11:19","guid":{"rendered":"http:\/\/www.robinsongranados.com\/rgranados\/wordpress\/?page_id=50"},"modified":"2024-09-24T16:59:31","modified_gmt":"2024-09-24T16:59:31","slug":"quien-soy","status":"publish","type":"page","link":"http:\/\/www.robinsongranados.com\/rgranados\/wordpress\/quien-soy\/","title":{"rendered":"Quien Soy"},"content":{"rendered":"\n<p>El Dr . Robinson\nGranados Mayorga , es M\u00e9dico Especialista en Otorrinolaringolog\u00eda de La\nUniversidad de Buenos Aires, Argentina. <\/p>\n\n\n\n<p>Fellow\nInternational&nbsp;en Rinolog\u00eda&nbsp; Cirug\u00eda Video Endosc\u00f3pica de Nariz <\/p>\n\n\n\n<p>Univ. of\nMiami -Jackson Memorial Hospital, USA. <\/p>\n\n\n\n<p>Preceptorship en\nOtolog\u00eda y Cirug\u00eda de Implantes Cocleares<\/p>\n\n\n\n<p>Miami Ear Institute Microsurgery Training Center &#8211; University of Miami, Miami &nbsp;USA.<\/p>\n\n\n\n<p>Mini Fellow\nRinolog\u00eda Cirug\u00eda base de Craneo Anterior Videoendosc\u00f3pica<\/p>\n\n\n\n<p>University\nOf Pennsylvania, Penn USA.<\/p>\n\n\n\n<p>Ejerce en la unidad m\u00e9dica Cl\u00ednica Porto Azul  de la ciudad de Barranquilla Colombia. <\/p>\n\n\n\n<p>Esta certificado\npor la Sociedad Cient\u00edfica de Otorrinolaringolog\u00eda de Colombia y el Ministerio\nde Salud de Argentina. <\/p>\n\n\n\n<p>Es Miembro\nTitular de las siguientes sociedades: <\/p>\n\n\n\n<p><a href=\"https:\/\/www.acorl.org.co\">Sociedad Colombiana de Otorrinolaringolog\u00eda y Cirug\u00eda de Cabeza y Cuello<\/a><\/p>\n\n\n\n<p><a href=\"https:\/\/www.entnet.org\">American Academy Otolaryngology Head and Neck Surgery<\/a><\/p>\n\n\n\n<p><a href=\"https:\/\/iapo.org.br\/en\/home-en\/\">Interamerican Association of Pediatric Otorhinolaryngology<\/a><\/p>\n\n\n\n<p><a href=\"https:\/\/www.american-rhinologic.org\">American Rhinologic Society<\/a>\u00a0<\/p>\n\n\n\n<p><a href=\"https:\/\/www.europeanrhinologicsociety.org\">European Rhinologic Society<\/a><\/p>\n\n\n\n<p>Asiste a las\nactividades cient\u00edficas de las Sociedades anteriores (Congresos, Simposios,\nCursos).<\/p>\n\n\n\n<p>Ha sido invitado\na numerosos eventos nacionales e internacionales.<\/p>\n","protected":false},"excerpt":{"rendered":"<p>El Dr . Robinson Granados Mayorga , es M\u00e9dico Especialista en Otorrinolaringolog\u00eda de La Universidad de Buenos Aires, Argentina. Fellow International&nbsp;en Rinolog\u00eda&nbsp; Cirug\u00eda Video Endosc\u00f3pica de Nariz Univ. of Miami -Jackson Memorial Hospital, USA. Preceptorship en Otolog\u00eda y Cirug\u00eda de Implantes Cocleares Miami Ear Institute Microsurgery Training Center &#8211; University of Miami, Miami &nbsp;USA. Mini [&hellip;]<\/p>\n","protected":false},"author":1,"featured_media":0,"parent":0,"menu_order":0,"comment_status":"closed","ping_status":"closed","template":"","meta":{"footnotes":""},"class_list":["post-50","page","type-page","status-publish","hentry"],"_links":{"self":[{"href":"http:\/\/www.robinsongranados.com\/rgranados\/wordpress\/wp-json\/wp\/v2\/pages\/50"}],"collection":[{"href":"http:\/\/www.robinsongranados.com\/rgranados\/wordpress\/wp-json\/wp\/v2\/pages"}],"about":[{"href":"http:\/\/www.robinsongranados.com\/rgranados\/wordpress\/wp-json\/wp\/v2\/types\/page"}],"author":[{"embeddable":true,"href":"http:\/\/www.robinsongranados.com\/rgranados\/wordpress\/wp-json\/wp\/v2\/users\/1"}],"replies":[{"embeddable":true,"href":"http:\/\/www.robinsongranados.com\/rgranados\/wordpress\/wp-json\/wp\/v2\/comments?post=50"}],"version-history":[{"count":10,"href":"http:\/\/www.robinsongranados.com\/rgranados\/wordpress\/wp-json\/wp\/v2\/pages\/50\/revisions"}],"predecessor-version":[{"id":409,"href":"http:\/\/www.robinsongranados.com\/rgranados\/wordpress\/wp-json\/wp\/v2\/pages\/50\/revisions\/409"}],"wp:attachment":[{"href":"http:\/\/www.robinsongranados.com\/rgranados\/wordpress\/wp-json\/wp\/v2\/media?parent=50"}],"curies":[{"name":"wp","href":"https:\/\/api.w.org\/{rel}","templated":true}]}}